{"id":1823,"date":"2026-04-10T06:25:31","date_gmt":"2026-04-10T06:25:31","guid":{"rendered":"https:\/\/sportservice-auzinger.com\/?post_type=product&#038;p=1823"},"modified":"2026-04-10T06:28:56","modified_gmt":"2026-04-10T06:28:56","slug":"technogym-synchro-excite-1000-self-powered-gebraucht-serviciert","status":"publish","type":"product","link":"https:\/\/sportservice-auzinger.com\/index.php\/produkt\/technogym-synchro-excite-1000-self-powered-gebraucht-serviciert\/","title":{"rendered":"Technogym Synchro Excite 1000 \u2013 Self Powered (gebraucht &#038; serviciert)"},"content":{"rendered":"","protected":false},"excerpt":{"rendered":"<p data-start=\"159\" data-end=\"467\">Der <strong data-start=\"163\" data-end=\"209\">Technogym Synchro Excite 1000 Self Powered<\/strong> ist ein hochwertiger Crosstrainer aus dem Premiumsegment, ideal f\u00fcr anspruchsvolle Heimnutzer sowie den professionellen Einsatz im Studio. Dieses Ger\u00e4t \u00fcberzeugt durch seine robuste Bauweise, ergonomisches Design und ein besonders gelenkschonendes Training.<\/p>\n<p data-start=\"469\" data-end=\"653\">Dank des <strong data-start=\"478\" data-end=\"522\">selbstbetriebenen Systems (Self Powered)<\/strong> ben\u00f6tigt das Ger\u00e4t keinen Stromanschluss \u2013 maximale Flexibilit\u00e4t bei der Aufstellung und gleichzeitig energieeffizient im Betrieb.<\/p>\n<p data-start=\"655\" data-end=\"817\"><strong data-start=\"655\" data-end=\"667\">Zustand:<\/strong><br \/>\nGebraucht, vollst\u00e4ndig serviciert und technisch einwandfrei. Alle Funktionen wurden \u00fcberpr\u00fcft, Verschlei\u00dfteile kontrolliert bzw. bei Bedarf erneuert.<\/p>\n<p data-start=\"819\" data-end=\"834\"><strong data-start=\"819\" data-end=\"834\">Highlights:<\/strong><\/p>\n<ul data-start=\"835\" data-end=\"1122\">\n<li data-start=\"835\" data-end=\"882\">Professionelle Studioqualit\u00e4t von Technogym<\/li>\n<li data-start=\"883\" data-end=\"938\">Selbstversorgend \u2013 kein Stromanschluss erforderlich<\/li>\n<li data-start=\"939\" data-end=\"988\">Besonders gelenkschonende, flie\u00dfende Bewegung<\/li>\n<li data-start=\"989\" data-end=\"1035\">Ergonomische Griffe f\u00fcr Ganzk\u00f6rpertraining<\/li>\n<li data-start=\"1036\" data-end=\"1080\">Intuitive Trainingsprogramme und Display<\/li>\n<li data-start=\"1081\" data-end=\"1122\">Sehr stabil und langlebig konstruiert<\/li>\n<\/ul>\n<p data-start=\"1124\" data-end=\"1147\"><strong data-start=\"1124\" data-end=\"1147\">Ideal geeignet f\u00fcr:<\/strong><\/p>\n<ul data-start=\"1148\" data-end=\"1274\">\n<li data-start=\"1148\" data-end=\"1185\">Fitnessstudios &amp; Personal Trainer<\/li>\n<li data-start=\"1186\" data-end=\"1219\">Physiotherapie &amp; Reha-Zentren<\/li>\n<li data-start=\"1220\" data-end=\"1242\">Firmenfitnessr\u00e4ume<\/li>\n<li data-start=\"1243\" data-end=\"1274\">Privatnutzer<\/li>\n<\/ul>\n<p data-start=\"1276\" data-end=\"1432\">Mit dem Synchro Excite 1000 holst du dir ein zuverl\u00e4ssiges Cardioger\u00e4t in Top-Qualit\u00e4t, das auch nach Jahren intensiver Nutzung h\u00f6chste Performance liefert.<\/p>\n","protected":false},"featured_media":1825,"comment_status":"open","ping_status":"closed","template":"","meta":[],"product_cat":[55,44],"product_tag":[],"class_list":["post-1823","product","type-product","status-publish","has-post-thumbnail","hentry","product_cat-ausdauergeraete","product_cat-gebrauchtgeraete"],"_links":{"self":[{"href":"https:\/\/sportservice-auzinger.com\/index.php\/wp-json\/wp\/v3\/product\/1823","targetHints":{"allow":["GET"]}}],"collection":[{"href":"https:\/\/sportservice-auzinger.com\/index.php\/wp-json\/wp\/v3\/product"}],"about":[{"href":"https:\/\/sportservice-auzinger.com\/index.php\/wp-json\/wp\/v2\/types\/product"}],"replies":[{"embeddable":true,"href":"https:\/\/sportservice-auzinger.com\/index.php\/wp-json\/wp\/v2\/comments?post=1823"}],"wp:featuredmedia":[{"embeddable":true,"href":"https:\/\/sportservice-auzinger.com\/index.php\/wp-json\/wp\/v2\/media\/1825"}],"wp:attachment":[{"href":"https:\/\/sportservice-auzinger.com\/index.php\/wp-json\/wp\/v2\/media?parent=1823"}],"wp:term":[{"taxonomy":"product_cat","embeddable":true,"href":"https:\/\/sportservice-auzinger.com\/index.php\/wp-json\/wp\/v2\/product_cat?post=1823"},{"taxonomy":"product_tag","embeddable":true,"href":"https:\/\/sportservice-auzinger.com\/index.php\/wp-json\/wp\/v2\/product_tag?post=1823"}],"curies":[{"name":"wp","href":"https:\/\/api.w.org\/{rel}","templated":true}]}}